?
True
Does 6 divide 339068982?
True
Is 513743489 a multiple of 931?
True
Is 1307371044 a multiple of 854?
False
Does 222 divide 1241073906?
True
Is 662 a factor of 233531754?
True
Does 13 divide 19291402?
True
Is 7093 a factor of 430445798?
True
Is 20 a factor of 261507119?
False
Is 19 a factor of 455518103?
True
Is 6 a factor of 1453312?
False
Does 23 divide 52607217?
False
Is 1008846 a multiple of 7?
False
Does 8 divide 36450408?
True
Is 768 a factor of 340994304?
True
Is 262 a factor of 473475124?
False
Is 104 a factor of 21276736?
True
Is 1253627383 a multiple of 37?
False
Is 480 a factor of 3743243520?
True
Does 152 divide 113409236?
False
Is 3 a factor of 18342321?
True
Does 15 divide 267950413?
False
Is 284 a factor of 166669092?
True
Is 111885507 a multiple of 9?
True
Is 45794978 a multiple of 3336?
False
Is 86 a factor of 271882007?
False
Does 606 divide 57332698?
False
Does 2118 divide 349868184?
True
Does 42 divide 87924314?
False
Does 821 divide 59943673?
True
Does 378 divide 24899616?
True
Is 91227999 a multiple of 1098?
False
Is 260 a factor of 3843565583?
False
Is 3101 a factor of 29400581?
True
Is 1815510815 a multiple of 31?
True
Is 20886312 a multiple of 4?
True
Is 195264913 a multiple of 1249?
True
Is 71 a factor of 8873942?
False
Is 158 a factor of 7076740?
False
Is 1742637565 a multiple of 1457?
True
Does 169 divide 48473679?
False
Is 5 a factor of 26879365?
True
Is 46665861 a multiple of 13?
False
Is 2777135691 a multiple of 17?
True
Does 151 divide 11422317?
False
Is 129254160 a multiple of 17?
False
Is 89 a factor of 85136332?
True
Is 72267183 a multiple of 1506?
False
Does 7 divide 9103500?
True
Is 12785183 a multiple of 491?
False
Is 6378210 a multiple of 15?
True
Is 542 a factor of 1540108718?
True
Is 10349144 a multiple of 764?
True
Is 126603960 a multiple of 598?
False
Is 156737120 a multiple of 80?
True
Is 40 a factor of 123540720?
True
Is 1020218560 a multiple of 1888?
True
Does 6625 divide 62102643?
False
Does 75 divide 74092050?
True
Does 167 divide 1177701869?
True
Is 9 a factor of 224527210?
False
Is 151 a factor of 384070463?
True
Is 132175 a multiple of 425?
True
Is 43193826 a multiple of 15?
False
Is 790 a factor of 26519583?
False
Is 1676613200 a multiple of 950?
True
Is 75 a factor of 5048552?
False
Does 130 divide 91413670?
False
Does 139 divide 29757701?
False
Does 32 divide 21189467?
False
Is 54066849 a multiple of 1013?
True
Does 45 divide 16712003?
False
Is 194467324 a multiple of 37?
False
Is 78 a factor of 25316309?
False
Does 57 divide 39970198?
False
Is 5 a factor of 31962470?
True
Does 905 divide 18237560?
True
Is 320881311 a multiple of 7?
False
Does 7 divide 15267327?
False
Does 367 divide 87899128?
False
Is 237 a factor of 126693327?
True
Is 236 a factor of 103162208?
True
Is 20 a factor of 280815560?
True
Is 288 a factor of 40102527?
False
Does 64 divide 468261908?
False
Is 162209335 a multiple of 5?
True
Does 75 divide 15152700?
True
Is 34612883 a multiple of 206?
False
Does 851 divide 699011914?
False
Is 110934314 a multiple of 83?
True
Does 14 divide 956370494?
False
Is 682064064 a multiple of 1584?
True
Is 187060524 a multiple of 14?
True
Is 375 a factor of 173111181?
False
Is 652 a factor of 651776145?
False
Is 5131774 a multiple of 14?
False
Is 103972512 a multiple of 2576?
True
Does 130 divide 169241150?
True
Does 89 divide 615226740?
True
Does 742 divide 30820523?
False
Is 412 a factor of 533317748?
False
Is 1898605600 a multiple of 2725?
True
Does 478 divide 231384982?
True
Does 530 divide 4813891?
False
Does 87 divide 29072223?
False
Is 5 a factor of 25044035?
True
Is 208 a factor of 76187488?
True
Is 294 a factor of 28458024?
True
Is 1253162 a multiple of 79?
False
Is 4737548 a multiple of 601?
False
Does 174 divide 97841799?
False
Is 15453565 a multiple of 1388?
False
Does 2077 divide 46361243?
False
Is 723253503 a multiple of 110?
False
Is 94542336 a multiple of 79?
False
Is 119 a factor of 16181751?
False
Is 2614032 a multiple of 24?
True
Is 2275745071 a multiple of 17?
False
Is 86 a factor of 47621554?
True
Is 21 a factor of 87018267?
True
Is 703066646 a multiple of 354?
False
Is 1432 a factor of 78486488?
True
Does 1617 divide 41773578?
True
Does 166 divide 14778150?
True
Is 105520129 a multiple of 923?
True
Is 264717966 a multiple of 2?
True
Does 8 divide 3176833728?
True
Is 8 a factor of 181864716?
False
Is 47493171 a multiple of 37?
False
Is 5166691 even?
False
Does 143 divide 321042579?
True
Is 252 a factor of 11719928?
False
Does 58 divide 4084532899?
False
Does 30 divide 74723880?
True
Is 52766907 a multiple of 155?
False
Does 672 divide 808187757?
False
Is 46817306 a multiple of 321?
False
Does 3420 divide 1077710400?
True
Does 68 divide 63033212?
True
Does 9516 divide 263770358?
False
Is 3432006 a multiple of 70?
False
Does 756 divide 40664484?
True
Does 86 divide 3841251743?
False
Is 216529001 a multiple of 13?
True
Is 377 a factor of 12434214?
True
Is 28221552 a multiple of 12?
True
Does 251 divide 75896915?
False
Is 269303461 a multiple of 15?
False
Is 16 a factor of 1234629333?
False
Is 142 a factor of 38899764?
True
Is 16 a factor of 88873472?
True
Is 907628800 a multiple of 520?
True
Does 2185 divide 26751521?
False
Does 55 divide 206941843?
False
Does 35 divide 6594188?
False
Does 15 divide 258833366?
False
Does 910 divide 2196740?
True
Is 120 a factor of 4318940?
False
Is 53984329 a multiple of 49?
True
Is 462605746 a multiple of 11?
False
Does 3159 divide 139680524?
False
Does 911 divide 49299688?
False
Is 6 a factor of 479245?
False
Is 35837268 a multiple of 57?
True
Is 11971479 a multiple of 267?
True
Is 15 a factor of 54505485?
True
Is 269739273 a multiple of 16?
False
Is 17 a factor of 26734795?
True
Is 19 a factor of 117992983?
True
Is 3182338725 a multiple of 5?
True
Is 946 a factor of 48728460?
True
Is 249683664 a multiple of 7001?
True
Is 1100 a factor of 889608500?
True
Does 115 divide 1007896402?
False
Does 47 divide 36318545?
True
Is 143010021 a multiple of 2447?
True
Does 101 divide 13408255?
True
Is 32 a factor of 322890464?
True
Is 259 a factor of 422890774?
False
Does 49 divide 235145708?
True
Is 115 a factor of 1012723505?
False
Is 89516644 a multiple of 2194?
False
Is 518 a factor of 14319074?
True
Is 529812332 a multiple of 1270?
False
Is 1088 a factor of 40032592?
False
Is 421056140 a multiple of 335?
True
Does 61 divide 145263219?
False
Does 88 divide 2112590106?
False
Does 55 divide 68260115?
True
Is 30 a factor of 279503340?
True
Is 32794016 a multiple of 10?
False
Does 1198 divide 2851298?
False
Is 22 a factor of 2905966?
False
Is 53478863 a multiple of 23?
False
Is 2035619925 a multiple of 25?
True
Is 182 a factor of 250502434?
True
Does 6 divide 9661728?
True
Is 5654120 a multiple of 8?
True
Is 389 a factor of 4663721?
True
Is 3 a factor of 75417534?
True
Is 1618784154 a multiple of 171?
True
Is 790994020 a multiple of 10?
True
Is 51307776 a multiple of 18?
True
Is 15 a factor of 152906781?
False
Is 18285462 a multiple of 9?
True
Is 513 a factor of 4720940?
False
Is 81 a factor of 12753511?
False
Does 1446 divide 114631031?
False
Does 196 divide 27875075?
False
Is 364321656 a multiple of 276?
True
Is 6 a factor of 99662415?
False
Is 127159868 a multiple of 1807?
False
Is 3178 a factor of 22411256?
True
Is 1562 a factor of 152176252?
False
Is 822776656 a multiple of 1962?
False
Is 181 a factor of 206299094?
True
Does 1980 divide 30834727?
False
Is 122 a factor of 33617271?
False
Is 80 a factor of 25310800?
True
Does 37 divide 2545045?
True
Is 47405085 a multiple of 39?
True
Is 35000677 a multiple of 421?
True
Is 15779264 a multiple of 8?
True
Is 89 a factor of 1313640?
True
Is 4921 a factor of 11953109?
True
Does 1996 divide 1992592828?
True
Is 185 a factor of 907610?
True
Is 11 a factor of 261033712?
False
Does 121 divide 164618115?
False
Does 12 divide 904521027?
False
Is 74898470 a multiple of 126?
False
Is 540026569 a multiple of 6?
False
Is 35 a factor of 12622180?
False
Is 303755496 a multiple of 111?
True
Does 749 divide 7902005?
False
Does 9 divide 24455520?
True
Is 1352173040 a multiple of 764?
True
Is 90 a factor of 54331721?
False
Is 60 a factor of 2293323557?
False
Is 36 a factor of 1157533812?
True
Is 884 a factor o